osite number?
True
Is 9689 composite?
False
Is 2707 composite?
False
Is 1598011 prime?
True
Is 241667 composite?
False
Is 41941 prime?
True
Is 3336053 prime?
False
Is 70777 a composite number?
True
Is 625915 composite?
True
Is 105199 a prime number?
True
Is 642931 prime?
True
Is 71773 a prime number?
False
Is 55291 composite?
False
Is 36467 composite?
False
Is 8351 composite?
True
Is 22301 prime?
False
Is 531305 prime?
False
Is 98081 a composite number?
False
Is 93169 composite?
False
Is 3821 prime?
True
Is 53773 a composite number?
False
Is 6547 prime?
True
Is 90547 composite?
False
Is 21377 a composite number?
False
Is 103739 a composite number?
True
Is 236617 a prime number?
False
Is 292627 composite?
False
Is 8009 a prime number?
True
Is 4054 composite?
True
Is 22601 a composite number?
True
Is 33637 composite?
False
Is 39677 prime?
False
Is 39293 composite?
False
Is 2671 prime?
True
Is 48485 a composite number?
True
Is 18749 prime?
True
Is 70813 a prime number?
False
Is 238859 a composite number?
False
Is 2038 composite?
True
Is 4547 composite?
False
Is 382 prime?
False
Is 34781 composite?
False
Is 1637 composite?
False
Is 83351 prime?
False
Is 1367 a composite number?
False
Is 187 prime?
False
Is 167 a prime number?
True
Is 7855 prime?
False
Is 84787 a composite number?
False
Is 1441 a composite number?
True
Is 1059879 a composite number?
True
Is 476219 prime?
True
Is 497849 composite?
True
Is 455371 composite?
True
Is 1430759 a composite number?
True
Is 3755 a composite number?
True
Is 1915 composite?
True
Is 806079 a composite number?
True
Is 31051 composite?
False
Is 920701 a prime number?
True
Is 65599 composite?
False
Is 165169 a composite number?
True
Is 130399 a composite number?
False
Is 508499 a prime number?
True
Is 28697 prime?
True
Is 1707 a composite number?
True
Is 2435285 composite?
True
Is 9115 a prime number?
False
Is 313733 prime?
False
Is 7639 a prime number?
True
Is 67927 a composite number?
False
Is 119921 prime?
True
Is 24139 prime?
False
Is 3127 prime?
False
Is 8735 a composite number?
True
Is 21377 a composite number?
False
Is 378353 composite?
False
Is 24907 a prime number?
True
Is 18329 a prime number?
True
Is 3271 prime?
True
Is 3203 composite?
False
Is 2267 a prime number?
True
Is 15143 prime?
False
Is 287873 composite?
False
Is 1901 composite?
False
Is 18485 a composite number?
True
Is 32771 a composite number?
False
Is 221449 composite?
True
Is 31307 composite?
False
Is 455783 composite?
False
Is 580621 prime?
False
Is 505111 a composite number?
False
Is 152965 a prime number?
False
Is 16477 composite?
False
Is 246527 a composite number?
False
Is 7393 a prime number?
True
Is 45983 a prime number?
False
Is 16273 a prime number?
True
Is 360011 prime?
False
Is 56617 composite?
True
Is 19991 composite?
False
Is 145273 a prime number?
False
Is 69109 a prime number?
True
Is 1960973 a prime number?
False
Is 14519 a prime number?
True
Is 76459 a prime number?
False
Is 660931 prime?
False
Is 817 a prime number?
False
Is 38993 a prime number?
True
Is 8033 prime?
False
Is 3109 a prime number?
True
Is 27397 prime?
True
Is 10061 composite?
False
Is 22901 composite?
False
Is 147911 a prime number?
False
Is 38431 prime?
True
Is 3649 prime?
False
Is 3067 a prime number?
True
Is 258047 composite?
True
Is 148949 a prime number?
True
Is 829109 composite?
True
Is 57463 a composite number?
True
Is 6499 a composite number?
True
Is 1242166 a composite number?
True
Is 61861 a composite number?
False
Is 137101 a composite number?
True
Is 475523 a composite number?
False
Is 1123 a composite number?
False
Is 131569 composite?
True
Is 21103 a composite number?
True
Is 30523 composite?
True
Is 12301 a composite number?
False
Is 60733 composite?
False
Is 310459 a prime number?
True
Is 89405 a prime number?
False
Is 3273835 a prime number?
False
Is 3463 composite?
False
Is 582403 a prime number?
False
Is 5806 a prime number?
False
Is 19661 a prime number?
True
Is 67391 prime?
True
Is 7387 a composite number?
True
Is 122963 prime?
True
Is 1267405 a composite number?
True
Is 5127 prime?
False
Is 132713 a composite number?
True
Is 13811 a composite number?
True
Is 191953 a composite number?
False
Is 35173 composite?
True
Is 251969 prime?
True
Is 86441 a composite number?
False
Is 134083 a prime number?
False
Is 18554 a prime number?
False
Is 91621 a prime number?
True
Is 115057 a prime number?
True
Is 1785233 a prime number?
False
Is 1090303 prime?
True
Is 326023 a prime number?
True
Is 2639015 a prime number?
False
Is 20591 a prime number?
False
Is 60773 a composite number?
False
Is 119873 a prime number?
False
Is 105371 prime?
False
Is 3017 composite?
True
Is 419999 prime?
True
Is 582427 prime?
True
Is 1711163 prime?
True
Is 1361 a prime number?
True
Is 504937 composite?
False
Is 1245085 a prime number?
False
Is 12133 a composite number?
True
Is 1947431 prime?
True
Is 4501 prime?
False
Is 26041 composite?
False
Is 239983 a prime number?
False
Is 10819 a composite number?
True
Is 1154147 composite?
True
Is 4571 composite?
True
Is 3371 a composite number?
False
Is 105091 prime?
False
Is 268343 a prime number?
True
Is 276649 prime?
False
Is 8063 a composite number?
True
Is 15395 a composite number?
True
Is 87157 a composite number?
True
Is 5773 composite?
True
Is 43481 a prime number?
True
Is 7241 a composite number?
True
Is 841 prime?
False
Is 47029 a composite number?
True
Is 709 composite?
False
Is 62459 prime?
True
Is 187993 a composite number?
True
Is 55069 a composite number?
True
Is 14371 a composite number?
True
Is 71303 prime?
False
Is 6731 composite?
True
Is 46 prime?
False
Is 86423 prime?
True
Is 737 prime?
False
Is 23017 a composite number?
False
Is 2017 composite?
False
Is 78053 prime?
False
Is 7607 prime?
True
Is 3359 a composite number?
False
Is 790261 prime?
True
Is 59971 prime?
True
Is 9667 a prime number?
False
Is 89429 a prime number?
False
Is 297951 a composite number?
True
Is 2005471 prime?
False
Is 35011 a prime number?
False
Is 9151 a composite number?
False
Is 133013 prime?
True
Is 316487 composite?
True
Is 2364793 a composite number?
False
Is 1756319 prime?
True
Is 3013 prime?
False
Is 37865 composite?
True
Is 5293 prime?
False
Is 5331 a composite number?
True
Is 37577 a prime number?
False
Is 104977 composite?
True
Is 44071 a prime number?
True
Is 201101 composite?
False
Is 18295 a prime number?
False
Is 743881 prime?
True
Is 22613 prime?
True
Is 37087 prime?
True
Is 46993 a prime number?
True
Is 273971 prime?
True
Is 35797 a prime number?
True
Is 1867553 prime?
True
Is 13641 composite?
True
Is 53111 a prime number?
False
Is 226283 prime?
True
Is 3221 a prime number?
True
Is 2018 composite?
True
Is 94201 a prime number?
True
Is 163169 a prime number?
True
Is 7411 a prime number?
True
Is 771619 a prime number?
True
Is 27043 composite?
False
Is 191953 a composite number?
False
Is 1087 a prime number?
True
Is 7543 prime?
False
Is 9313 a prime number?
False
Is 3205 composite?
True
Is 145799 prime?
True
Is 1693 a prime number?
True
Is 1072079 prime?
False
Is 1923821 a prime number?
False
Is 3587 a prime number?
False
Is 12889 a prime number?
True
Is 212131 prime?
True
Is 8923 prime?
True
Is 3583289 composite?
False
Is 1315 a prime number?
False
Is 6995 composite?
True
Is 2293 a prime number?
True
Is 423537 composite?
True
Is 98849 composite?
False
Is 40109 a composite number?
True
Is 3019 a composite number?
False
Is 5623 prime?
True
Is 23533 prime?
False
Is 73243 composite?
False
Is 45763 a composite number?
False
Is 475315 a prime number?
False
Is 8665 prime?
False
Is 376151 a composite number?
True
Is 112609 prime?
False
Is 22991 composite?
True
Is 61129 a prime number?
True
Is 492799 a prime number?
True
Is 170627 prime?
True
Is 11311 composite?
False
Is 337089 a composite number?
True
Is 95753 a prime number?
False
Is 996589 composite?
True
Is 107182 a composite number?
True
Is 11213 a prime number?
True
Is 253073 a composite number?
True
Is 10211 composite?
False
Is 6631 composite?
True
Is 18391 prime?
False
Is 881953 a composite number?
False
Is 18229 prime?
True
Is 6485 prime?
False
Is 9733 a prime number?
True
Is 28559 prime?
True
Is 4696453 a prime number?
True
Is 3863 composite?
False
Is 53819 a composite 